7
What is -2122034 (base 7) in base 14?
-69c54
What is 10124600 (base 7) in base 5?
204044233
Convert -1111001101000011110 (base 2) to base 13.
-1459c7
-163074 (base 13) to base 15
-acb80
Convert 1354987 (base 12) to base 16.
3aa977
-1b2ed (base 15) to base 8
-254547
What is -180166 (base 11) in base 12?
-115118
Convert 2811783 (base 9) to base 10.
1543206
Convert -22000120201 (base 3) to base 6.
-3214544
210112032211 (base 4) to base 15
c832a4
Convert 1468722 (base 9) to base 11.
506155
What is -40b093 (base 12) in base 6?
-33424303
146018 (base 10) to base 16
23a62
1111110012 (base 3) to base 15
8b0e
Convert -3633524 (base 7) to base 6.
-13524112
What is 355420 (base 7) in base 8?
175537
What is 2197904 (base 10) in base 12?
89bb28
Convert 200221002222022 (base 3) to base 6.
555342525
Convert -8cb313 (base 16) to base 2.
-100011001011001100010011
-131243240 (base 6) to base 16
-277ba8
-560447 (base 8) to base 14
-4cab5
What is 2438065 (base 9) in base 12?
53a6b8
Convert -30c0bb (base 13) to base 8.
-4263255
Convert -2333311212 (base 4) to base 10.
-785766
Convert -56123 (base 11) to base 6.
-1424321
What is -1166346 (base 7) in base 6?
-3123313
What is -1160017 (base 9) in base 6?
-21300024
15462 (base 14) to base 5
3144011
-b4ab48 (base 12) to base 10
-2839016
Convert -3196ca (base 13) to base 7.
-12613550
Convert 6410532 (base 7) to base 8.
2753157
What is -4343204 (base 5) in base 11?
-51224
What is 10111100110110011 (base 2) in base 8?
274663
1212220 (base 3) to base 7
4002
What is 38d82 (base 14) in base 16?
22256
14011421 (base 5) to base 4
202202232
What is -451d (base 16) in base 13?
-8090
Convert -1231322311 (base 4) to base 2.
-1101101111010110101
Convert 1dd918 (base 14) to base 12.
439b16
-1534302 (base 9) to base 2
-11001111011001111010
1100001010100100000001 (base 2) to base 9
6000425
Convert -661585 (base 10) to base 6.
-22102521
-4591e8 (base 15) to base 10
-3321443
Convert 2816766 (base 9) to base 13.
4220b5
What is -11202320112 (base 4) in base 8?
-5427026
1023030130 (base 4) to base 13
aa260
-111862 (base 12) to base 5
-32210042
-98623 (base 10) to base 8
-300477
Convert 150214 (base 8) to base 11.
37125
Convert -121122440 (base 5) to base 2.
-10001010011111001101
-395a3 (base 16) to base 6
-5011323
What is -102561331 (base 7) in base 4?
-113101001230
What is -16b128 (base 14) in base 6?
-25041504
Convert 4421300332 (base 5) to base 6.
540454154
Convert 1475148 (base 9) to base 4.
3013202312
131203232131 (base 4) to base 14
1059b2d
Convert -21020431 (base 6) to base 13.
-18442c
What is -2105503 (base 7) in base 10?
-254068
-10011001111011110001 (base 2) to base 5
-130134023
What is -1461544 (base 8) in base 13?
-118738
What is -32378 (base 16) in base 14?
-54d60
Convert 1001011000001100001 (base 2) to base 16.
4b061
-26563026 (base 7) to base 15
-3369d0
What is 13232010203 (base 4) in base 5?
1004224330
6406a (base 11) to base 9
151816
-ac9169 (base 14) to base 16
-597b19
What is -215470 (base 10) in base 9?
-357511
8b7634 (base 16) to base 3
122012100101210
What is -51aa60 (base 14) in base 16?
-2a119c
-10110010111100000111 (base 2) to base 5
-141423220
What is 4065521 (base 7) in base 11?
302967
Convert 782348 (base 9) to base 11.
29a32a
-442a7 (base 16) to base 7
-2242005
What is -10111110000010110011000 (base 2) in base 4?
-113300112120
-303223012103 (base 4) to base 7
-223065230
-1000011001101010010100 (base 2) to base 6
-115111352
Convert -9d9911 (base 14) to base 6.
-311003551
-214443122 (base 5) to base 10
-937287
36a3344 (base 12) to base 13
2294b57
Convert 9c5190 (base 13) to base 6.
211113240
-169bd (base 16) to base 4
-112212331
-48734a (base 11) to base 16
-bc3fa
Convert -11102133121 (base 4) to base 9.
-2542767
What is -11101010101001000000011 (base 2) in base 13?
-1792840
Convert 12212120120 (base 3) to base 6.
2251110
Convert -1898b (base 15) to base 12.
-3a205
What is -21102031 (base 4) in base 14?
-dc05
Convert 130380 (base 9) to base 16.
134c7
Convert 91daf (base 16) to base 6.
20445503
What is 30005442 (base 6) in base 2?
11001101010101100010
Convert 67498 (base 10) to base 8.
203652
Convert -62412603 (base 7) to base 2.
-10100000001000011000000
5523564 (base 7) to base 16
a5a02
2112100220021 (base 3) to base 9
2470807
Convert 20013603 (base 8) to base 13.
b40aca
21211123023 (base 4) to base 16
2656cb
Convert -2780906 (base 10) to base 15.
-39de8b
Convert -11011202102 (base 3) to base 12.
-3b69b
Convert -49a446 (base 13) to base 15.
-24ce1a
What is 2069838 (base 11) in base 12?
1278930
Convert 23013011 (base 4) to base 3.
2022102112
1001100111011001110001 (base 2) to base 10
2520689
What is -85232 (base 14) in base 12?
-136064
Convert -52466163 (base 7) to base 8.
-20731477
What is -122302030120 (base 4) in base 6?
-410254104
What is 5711e (base 15) in base 7?
2232410
12211030232 (base 4) to base 11
a79211
What is 4557765 (base 11) in base 16?
79b01b
What is 5f7e8 (base 16) in base 4?
1133133220
Convert 24600611 (base 7) to base 11.
1286045
What is -1732032 (base 10) in base 8?
-6466700
Convert -22210101200 (base 4) to base 5.
-1202120031
134674 (base 8) to base 16
b9bc
-ac533 (base 14) to base 7
-3360663
Convert -5d363 (base 16) to base 12.
-164b43
-356405 (base 10) to base 13
-c62ba
Convert -3041325 (base 6) to base 5.
-14123433
Convert -10011012012111 (base 3) to base 16.
-199630
What is -342430202 (base 5) in base 8?
-5654304
Convert -65536356 (base 7) to base 16.
-55cccb
What is -70550 (base 10) in base 11?
-49007
Convert -223405 (base 6) to base 2.
-100100111111101
Convert -b47587 (base 15) to base 7.
-132635020
What is 256aa (base 12) in base 10?
51106
-150b1d (base 15) to base 10
-1015003
Convert -448654 (base 12) to base 8.
-4126640
What is 110001111111110101100 (base 2) in base 16?
18ffac
Convert -da315 (base 16) to base 13.
-253a36
What is 5231144 (base 6) in base 16?
3dc48
What is -23400031 (base 5) in base 13?
-771ca
-1061300 (base 7) to base 8
-402701
Convert 504b8b (base 12) to base 2.
100110001110110011011
74a4a (base 15) to base 9
623727
Convert -1c7812 (base 14) to base 7.
-11444422
Convert 30232033 (base 5) to base 6.
5111532
Convert -336173 (base 8) to base 5.
-12120122
What is -1211001012 (base 4) in base 13?
-116442
291a60 (base 11) to base 8
1573436
-832081 (base 9) to base 3
-221002002201
10474a9 (base 12) to base 16
2f0601
Convert 758aba (base 12) to base 9.
3445617
Convert -4bc1c8 (base 16) to base 11.
-2891152
What is -130333323 (base 5) in base 11?
-3a5410
Convert 10213122 (base 4) to base 6.
223310
51612402 (base 7) to base 4
100203130203
95a9 (base 12) to base 9
24443
Convert 559b0c (base 15) to base 7.
46463250
Convert 5c61a2 (base 14) to base 9.
5856163
Convert 1119b62 (base 12) to base 5.
1314212022
What is -231042 (base 8) in base 4?
-103020202
-93041 (base 10) to base 12
-45a15
What is 104ad7 (base 14) in base 3?
1000222202112
-1210112120112 (base 3) to base 4
-3221100101
What is -10202102102001 (base 3) in base 13?
-54b857
Convert 21046272 (base 8) to base 12.
15ba3b6
-22355 (base 8) to base 15
-2c03
Convert -46711 (base 9) to base 2.
-111100111011011
Convert 2004122011 (base 5) to base 15.
537471
239230 (base 15) to base 10
1701495
What is -3a452 (base 13) in base 2?
-11010011101101100
Convert -abb383 (base 14) to base 11.
-3323499
Convert 110100000111101110 (base 2) to base 11.
136439
What is -202022221 (base 3) in base 9?
-22287
1240140450 (base 6) to base 13
30318b4
Convert 2c488 (base 16) to base 13.
64738
Convert 73457 (base 11) to base 7.
624013
Convert 1221200001 (base 3) to base 11.
26935
What is -12002010220220 (base 3) in base 16?
-2930a6
What is -94d8 (base 16) in base 7?
-216043
What is -5743 (base 11) in base 15?
-2384
-8a8634 (base 11) to base 14
-2990a1
What is -1020010021222 (base 3) in base 8?
-2371245
Convert 110111110100011 (base 2) to base 14.
a5b5
11011111011101110 (base 2) to base 12
56266
Convert -214385 (base 11) to base 13.
-bcb9c
What is -123143310 (base 5) in base 11?
-37a730
Convert -614866 (base 10) to base 3.
-1011020102211
What is -6830d6 (base 15) in base 4?
-102331300320
What is 313443 (base 6) in base 9?
37810
Convert c6f1 (base 16) to base 13.
1a248
What is -612e (base 16) in base 11?
-17767
What is 13587 (base 11) in base 16?
